{"id":7938,"date":"2023-02-20T12:03:30","date_gmt":"2023-02-20T11:03:30","guid":{"rendered":"http:\/\/ficaati.cluster100.hosting.ovh.net\/?page_id=7938"},"modified":"2023-02-20T12:03:30","modified_gmt":"2023-02-20T11:03:30","slug":"rhone","status":"publish","type":"page","link":"https:\/\/www.deco-charpente.fr\/en\/nos-abris-dans-vos-villes\/rhone\/","title":{"rendered":"Rhone"},"content":{"rendered":"","protected":false},"excerpt":{"rendered":"","protected":false},"author":1,"featured_media":0,"parent":5573,"menu_order":0,"comment_status":"closed","ping_status":"closed","template":"","meta":{"footnotes":""},"class_list":["post-7938","page","type-page","status-publish","hentry"],"yoast_head":"<!-- This site is optimized with the Yoast SEO Premium plugin v20.6 (Yoast SEO v27.4) - https:\/\/yoast.com\/product\/yoast-seo-premium-wordpress\/ -->\n<title>Rh\u00f4ne - D\u00e9co Charpente<\/title>\n<meta name=\"robots\" content=\"noindex, nofollow\" \/>\n<meta property=\"og:locale\" content=\"en_GB\" \/>\n<meta property=\"og:type\" content=\"article\" \/>\n<meta property=\"og:title\" content=\"Rh\u00f4ne\" \/>\n<meta property=\"og:url\" content=\"https:\/\/www.deco-charpente.fr\/en\/nos-abris-dans-vos-villes\/rhone\/\" \/>\n<meta property=\"og:site_name\" content=\"D\u00e9co Charpente\" \/>\n<meta property=\"article:publisher\" content=\"https:\/\/www.facebook.com\/decocharpente\" \/>\n<meta property=\"og:image\" content=\"https:\/\/www.deco-charpente.fr\/wp-content\/uploads\/2020\/08\/abri-voiture-2-pentes-bois.jpg\" \/>\n\t<meta property=\"og:image:width\" content=\"1752\" \/>\n\t<meta property=\"og:image:height\" content=\"990\" \/>\n\t<meta property=\"og:image:type\" content=\"image\/jpeg\" \/>\n<meta name=\"twitter:card\" content=\"summary_large_image\" \/>\n<script type=\"application\/ld+json\" class=\"yoast-schema-graph\">{\"@context\":\"https:\\\/\\\/schema.org\",\"@graph\":[{\"@type\":\"WebPage\",\"@id\":\"https:\\\/\\\/www.deco-charpente.fr\\\/nos-abris-dans-vos-villes\\\/rhone\\\/\",\"url\":\"https:\\\/\\\/www.deco-charpente.fr\\\/nos-abris-dans-vos-villes\\\/rhone\\\/\",\"name\":\"Rh\u00f4ne - D\u00e9co Charpente\",\"isPartOf\":{\"@id\":\"https:\\\/\\\/www.deco-charpente.fr\\\/#website\"},\"datePublished\":\"2023-02-20T11:03:30+00:00\",\"breadcrumb\":{\"@id\":\"https:\\\/\\\/www.deco-charpente.fr\\\/nos-abris-dans-vos-villes\\\/rhone\\\/#breadcrumb\"},\"inLanguage\":\"en-GB\",\"potentialAction\":[{\"@type\":\"ReadAction\",\"target\":[\"https:\\\/\\\/www.deco-charpente.fr\\\/nos-abris-dans-vos-villes\\\/rhone\\\/\"]}]},{\"@type\":\"BreadcrumbList\",\"@id\":\"https:\\\/\\\/www.deco-charpente.fr\\\/nos-abris-dans-vos-villes\\\/rhone\\\/#breadcrumb\",\"itemListElement\":[{\"@type\":\"ListItem\",\"position\":1,\"name\":\"Accueil\",\"item\":\"https:\\\/\\\/www.deco-charpente.fr\\\/\"},{\"@type\":\"ListItem\",\"position\":2,\"name\":\"Nos abris dans vos villes\",\"item\":\"https:\\\/\\\/www.deco-charpente.fr\\\/nos-abris-dans-vos-villes\\\/\"},{\"@type\":\"ListItem\",\"position\":3,\"name\":\"Rh\u00f4ne\"}]},{\"@type\":\"WebSite\",\"@id\":\"https:\\\/\\\/www.deco-charpente.fr\\\/#website\",\"url\":\"https:\\\/\\\/www.deco-charpente.fr\\\/\",\"name\":\"D\u00e9co Charpente\",\"description\":\"Sp\u00e9cialiste reconnu des charpentes bois d\u00e9coratives en ext\u00e9rieur\",\"publisher\":{\"@id\":\"https:\\\/\\\/www.deco-charpente.fr\\\/#organization\"},\"potentialAction\":[{\"@type\":\"SearchAction\",\"target\":{\"@type\":\"EntryPoint\",\"urlTemplate\":\"https:\\\/\\\/www.deco-charpente.fr\\\/?s={search_term_string}\"},\"query-input\":{\"@type\":\"PropertyValueSpecification\",\"valueRequired\":true,\"valueName\":\"search_term_string\"}}],\"inLanguage\":\"en-GB\"},{\"@type\":\"Organization\",\"@id\":\"https:\\\/\\\/www.deco-charpente.fr\\\/#organization\",\"name\":\"D\u00e9co Charpente\",\"url\":\"https:\\\/\\\/www.deco-charpente.fr\\\/\",\"logo\":{\"@type\":\"ImageObject\",\"inLanguage\":\"en-GB\",\"@id\":\"https:\\\/\\\/www.deco-charpente.fr\\\/#\\\/schema\\\/logo\\\/image\\\/\",\"url\":\"https:\\\/\\\/www.deco-charpente.fr\\\/wp-content\\\/uploads\\\/2020\\\/07\\\/logo@2x.png\",\"contentUrl\":\"https:\\\/\\\/www.deco-charpente.fr\\\/wp-content\\\/uploads\\\/2020\\\/07\\\/logo@2x.png\",\"width\":266,\"height\":302,\"caption\":\"D\u00e9co Charpente\"},\"image\":{\"@id\":\"https:\\\/\\\/www.deco-charpente.fr\\\/#\\\/schema\\\/logo\\\/image\\\/\"},\"sameAs\":[\"https:\\\/\\\/www.facebook.com\\\/decocharpente\",\"https:\\\/\\\/www.instagram.com\\\/decocharpente\\\/\",\"https:\\\/\\\/www.linkedin.com\\\/company\\\/d\u00e9co-charpente\\\/\"]}]}<\/script>\n<!-- \/ Yoast SEO Premium plugin. -->","yoast_head_json":{"title":"Rh\u00f4ne - D\u00e9co Charpente","robots":{"index":"noindex","follow":"nofollow"},"og_locale":"en_GB","og_type":"article","og_title":"Rh\u00f4ne","og_url":"https:\/\/www.deco-charpente.fr\/en\/nos-abris-dans-vos-villes\/rhone\/","og_site_name":"D\u00e9co Charpente","article_publisher":"https:\/\/www.facebook.com\/decocharpente","og_image":[{"width":1752,"height":990,"url":"https:\/\/www.deco-charpente.fr\/wp-content\/uploads\/2020\/08\/abri-voiture-2-pentes-bois.jpg","type":"image\/jpeg"}],"twitter_card":"summary_large_image","schema":{"@context":"https:\/\/schema.org","@graph":[{"@type":"WebPage","@id":"https:\/\/www.deco-charpente.fr\/nos-abris-dans-vos-villes\/rhone\/","url":"https:\/\/www.deco-charpente.fr\/nos-abris-dans-vos-villes\/rhone\/","name":"Rh\u00f4ne - D\u00e9co Charpente","isPartOf":{"@id":"https:\/\/www.deco-charpente.fr\/#website"},"datePublished":"2023-02-20T11:03:30+00:00","breadcrumb":{"@id":"https:\/\/www.deco-charpente.fr\/nos-abris-dans-vos-villes\/rhone\/#breadcrumb"},"inLanguage":"en-GB","potentialAction":[{"@type":"ReadAction","target":["https:\/\/www.deco-charpente.fr\/nos-abris-dans-vos-villes\/rhone\/"]}]},{"@type":"BreadcrumbList","@id":"https:\/\/www.deco-charpente.fr\/nos-abris-dans-vos-villes\/rhone\/#breadcrumb","itemListElement":[{"@type":"ListItem","position":1,"name":"Accueil","item":"https:\/\/www.deco-charpente.fr\/"},{"@type":"ListItem","position":2,"name":"Nos abris dans vos villes","item":"https:\/\/www.deco-charpente.fr\/nos-abris-dans-vos-villes\/"},{"@type":"ListItem","position":3,"name":"Rh\u00f4ne"}]},{"@type":"WebSite","@id":"https:\/\/www.deco-charpente.fr\/#website","url":"https:\/\/www.deco-charpente.fr\/","name":"D\u00e9co Charpente","description":"Sp\u00e9cialiste reconnu des charpentes bois d\u00e9coratives en ext\u00e9rieur","publisher":{"@id":"https:\/\/www.deco-charpente.fr\/#organization"},"potentialAction":[{"@type":"SearchAction","target":{"@type":"EntryPoint","urlTemplate":"https:\/\/www.deco-charpente.fr\/?s={search_term_string}"},"query-input":{"@type":"PropertyValueSpecification","valueRequired":true,"valueName":"search_term_string"}}],"inLanguage":"en-GB"},{"@type":"Organization","@id":"https:\/\/www.deco-charpente.fr\/#organization","name":"D\u00e9co Charpente","url":"https:\/\/www.deco-charpente.fr\/","logo":{"@type":"ImageObject","inLanguage":"en-GB","@id":"https:\/\/www.deco-charpente.fr\/#\/schema\/logo\/image\/","url":"https:\/\/www.deco-charpente.fr\/wp-content\/uploads\/2020\/07\/logo@2x.png","contentUrl":"https:\/\/www.deco-charpente.fr\/wp-content\/uploads\/2020\/07\/logo@2x.png","width":266,"height":302,"caption":"D\u00e9co Charpente"},"image":{"@id":"https:\/\/www.deco-charpente.fr\/#\/schema\/logo\/image\/"},"sameAs":["https:\/\/www.facebook.com\/decocharpente","https:\/\/www.instagram.com\/decocharpente\/","https:\/\/www.linkedin.com\/company\/d\u00e9co-charpente\/"]}]}},"_links":{"self":[{"href":"https:\/\/www.deco-charpente.fr\/en\/wp-json\/wp\/v2\/pages\/7938","targetHints":{"allow":["GET"]}}],"collection":[{"href":"https:\/\/www.deco-charpente.fr\/en\/wp-json\/wp\/v2\/pages"}],"about":[{"href":"https:\/\/www.deco-charpente.fr\/en\/wp-json\/wp\/v2\/types\/page"}],"author":[{"embeddable":true,"href":"https:\/\/www.deco-charpente.fr\/en\/wp-json\/wp\/v2\/users\/1"}],"replies":[{"embeddable":true,"href":"https:\/\/www.deco-charpente.fr\/en\/wp-json\/wp\/v2\/comments?post=7938"}],"version-history":[{"count":0,"href":"https:\/\/www.deco-charpente.fr\/en\/wp-json\/wp\/v2\/pages\/7938\/revisions"}],"up":[{"embeddable":true,"href":"https:\/\/www.deco-charpente.fr\/en\/wp-json\/wp\/v2\/pages\/5573"}],"wp:attachment":[{"href":"https:\/\/www.deco-charpente.fr\/en\/wp-json\/wp\/v2\/media?parent=7938"}],"curies":[{"name":"wp","href":"https:\/\/api.w.org\/{rel}","templated":true}]}}

<!-- This site is optimized with the Yoast SEO Premium plugin v20.6 (Yoast SEO v27.4) - https://yoast.com/product/yoast-seo-premium-wordpress/ -->
<title>Rhône - Déco Charpente</title>
<meta name="robots" content="noindex, nofollow" />
<meta property="og:locale" content="en_GB" />
<meta property="og:type" content="article" />
<meta property="og:title" content="Rhône" />
<meta property="og:url" content="https://www.deco-charpente.fr/en/nos-abris-dans-vos-villes/rhone/" />
<meta property="og:site_name" content="Déco Charpente" />
<meta property="article:publisher" content="https://www.facebook.com/decocharpente" />
<meta property="og:image" content="https://www.deco-charpente.fr/wp-content/uploads/2020/08/abri-voiture-2-pentes-bois.jpg" />
	<meta property="og:image:width" content="1752" />
	<meta property="og:image:height" content="990" />
	<meta property="og:image:type" content="image/jpeg" />
<meta name="twitter:card" content="summary_large_image" />
<script type="application/ld+json" class="yoast-schema-graph">{"@context":"https:\/\/schema.org","@graph":[{"@type":"WebPage","@id":"https:\/\/www.deco-charpente.fr\/nos-abris-dans-vos-villes\/rhone\/","url":"https:\/\/www.deco-charpente.fr\/nos-abris-dans-vos-villes\/rhone\/","name":"Rhône - Déco Charpente","isPartOf":{"@id":"https:\/\/www.deco-charpente.fr\/#website"},"datePublished":"2023-02-20T11:03:30+00:00","breadcrumb":{"@id":"https:\/\/www.deco-charpente.fr\/nos-abris-dans-vos-villes\/rhone\/#breadcrumb"},"inLanguage":"en-GB","potentialAction":[{"@type":"ReadAction","target":["https:\/\/www.deco-charpente.fr\/nos-abris-dans-vos-villes\/rhone\/"]}]},{"@type":"BreadcrumbList","@id":"https:\/\/www.deco-charpente.fr\/nos-abris-dans-vos-villes\/rhone\/#breadcrumb","itemListElement":[{"@type":"ListItem","position":1,"name":"Accueil","item":"https:\/\/www.deco-charpente.fr\/"},{"@type":"ListItem","position":2,"name":"Nos abris dans vos villes","item":"https:\/\/www.deco-charpente.fr\/nos-abris-dans-vos-villes\/"},{"@type":"ListItem","position":3,"name":"Rhône"}]},{"@type":"WebSite","@id":"https:\/\/www.deco-charpente.fr\/#website","url":"https:\/\/www.deco-charpente.fr\/","name":"Déco Charpente","description":"Spécialiste reconnu des charpentes bois décoratives en extérieur","publisher":{"@id":"https:\/\/www.deco-charpente.fr\/#organization"},"potentialAction":[{"@type":"SearchAction","target":{"@type":"EntryPoint","urlTemplate":"https:\/\/www.deco-charpente.fr\/?s={search_term_string}"},"query-input":{"@type":"PropertyValueSpecification","valueRequired":true,"valueName":"search_term_string"}}],"inLanguage":"en-GB"},{"@type":"Organization","@id":"https:\/\/www.deco-charpente.fr\/#organization","name":"Déco Charpente","url":"https:\/\/www.deco-charpente.fr\/","logo":{"@type":"ImageObject","inLanguage":"en-GB","@id":"https:\/\/www.deco-charpente.fr\/#\/schema\/logo\/image\/","url":"https:\/\/www.deco-charpente.fr\/wp-content\/uploads\/2020\/07\/logo@2x.png","contentUrl":"https:\/\/www.deco-charpente.fr\/wp-content\/uploads\/2020\/07\/logo@2x.png","width":266,"height":302,"caption":"Déco Charpente"},"image":{"@id":"https:\/\/www.deco-charpente.fr\/#\/schema\/logo\/image\/"},"sameAs":["https:\/\/www.facebook.com\/decocharpente","https:\/\/www.instagram.com\/decocharpente\/","https:\/\/www.linkedin.com\/company\/déco-charpente\/"]}]}</script>
<!-- / Yoast SEO Premium plugin. -->

Rhône - Déco Charpente

Rhône

Déco Charpente

Spécialiste reconnu des charpentes bois décoratives en extérieur

https://www.linkedin.com/company/déco-charpente/
